ase 13, what is 1 - 34?
-33
In base 16, what is -1dc5 - -4?
-1dc1
In base 2, what is 10 - 100001?
-11111
In base 7, what is 4 - 2152?
-2145
In base 10, what is 7 + 72?
79
In base 15, what is 13e2 - -3?
13e5
In base 8, what is -67 - -1?
-66
In base 5, what is -34 + -4?
-43
In base 14, what is 4 - 32d?
-329
In base 7, what is 2600 + 5?
2605
In base 5, what is 0 + 10023?
10023
In base 16, what is bc - 4?
b8
In base 9, what is -2 - 71?
-73
In base 11, what is a3 - -14a?
242
In base 15, what is -d - -e0?
d2
In base 5, what is -2 - -432?
430
In base 8, what is 10 - 461?
-451
In base 4, what is -3 - 301122?
-301131
In base 11, what is 2a - -73a?
769
In base 3, what is -2 - -1221100?
1221021
In base 4, what is 3 - 1131?
-1122
In base 2, what is -10 + -110100?
-110110
In base 3, what is 110210121 - 0?
110210121
In base 9, what is -1 + -8?
-10
In base 11, what is -5 - 14?
-19
In base 2, what is -100 + 1001001001?
1001000101
In base 2, what is -111100101 - 1?
-111100110
In base 5, what is 2 - 331?
-324
In base 7, what is 4 + 23360?
23364
In base 8, what is 2 - 16606?
-16604
In base 13, what is 285 - -3?
288
In base 5, what is 0 - -344?
344
In base 11, what is -4a2 - -1?
-4a1
In base 11, what is -453 - 1?
-454
In base 6, what is 1001 + -2?
555
In base 8, what is 354 - 0?
354
In base 14, what is -128 + 4?
-124
In base 6, what is 1412 + 0?
1412
In base 8, what is -4 + -5525?
-5531
In base 13, what is 149 - -c?
158
In base 6, what is -14 - 15?
-33
In base 3, what is 11 + -10102?
-10021
In base 6, what is -3453 - 0?
-3453
In base 2, what is -110 - -110?
0
In base 2, what is 10 - 100011000110?
-100011000100
In base 14, what is 32 + -2?
30
In base 16, what is -10 + -1?
-11
In base 4, what is -1133 - -11?
-1122
In base 4, what is 10 - 133323?
-133313
In base 6, what is -11121 + 11?
-11110
In base 7, what is -61 - -354?
263
In base 6, what is -22 + -225?
-251
In base 12, what is -1 + -30?
-31
In base 5, what is -3 + -41424?
-41432
In base 7, what is 22012 - 5?
22004
In base 12, what is -6 + 197?
191
In base 5, what is 100 + -1021?
-421
In base 4, what is -2130 + 31?
-2033
In base 3, what is -2 - -21111?
21102
In base 10, what is 1 - 26?
-25
In base 4, what is -33201 - 1?
-33202
In base 9, what is 7 - 504?
-486
In base 4, what is 1232031 - 1?
1232030
In base 3, what is 11 + -112100?
-112012
In base 8, what is -7 + -25?
-34
In base 4, what is 3 - 1222?
-1213
In base 11, what is -550 - 6?
-556
In base 4, what is 320 - 11?
303
In base 13, what is 2 + -c03?
-c01
In base 14, what is -4 + 37?
33
In base 6, what is 31 + -2?
25
In base 2, what is 1111101010 - -100?
1111101110
In base 8, what is 0 - -155?
155
In base 3, what is 2 - -221220?
221222
In base 15, what is -e - -2?
-c
In base 8, what is 4 - 764?
-760
In base 9, what is 43 + -3?
40
In base 12, what is 2a7 + 1?
2a8
In base 11, what is 10 - -657?
667
In base 5, what is -4124 + 41?
-4033
In base 2, what is 101 - 11010010?
-11001101
In base 13, what is -3 - -bc1?
bbb
In base 4, what is -3131 - 1?
-3132
In base 6, what is 1 + 314?
315
In base 4, what is -10 - 201?
-211
In base 5, what is 33444 + 2?
34001
In base 16, what is 2 - -25?
27
In base 3, what is 2000112 - -1?
2000120
In base 3, what is 100 - 21000?
-20200
In base 4, what is 202 - 13?
123
In base 2, what is 101100 + 11000010?
11101110
In base 10, what is 164 + -1?
163
In base 9, what is -4 + -121?
-125
In base 7, what is -2100 - -1?
-2066
In base 3, what is 20 - 100011?
-22221
In base 7, what is -4 + -10?
-14
In base 7, what is 5 - -66?
104
In base 12, what is 73 - -1?
74
In base 11, what is 1 - 75?
-74
In base 6, what is 2 - 10435?
-10433
In base 11, what is 4 + 11?
15
In base 5, what is 4 + -13243?
-13234
In base 4, what is 10120 - 1?
10113
In base 14, what is 153 - 1?
152
In base 5, what is -223 + -14?
-242
In base 7, what is -4 - -142?
135
In base 14, what is -40 - 4?
-44
In base 9, what is -5 - -54?
48
In base 12, what is -17 - 5?
-20
In base 6, what is 3 - 125?
-122
In base 14, what is 5 + 20a?
211
In base 16, what is 2 + 58?
5a
In base 3, what is 21202112 + 1?
21202120
In base 3, what is -100 - 12011?
-12111
In base 11, what is 3 - -298?
2a0
In base 5, what is -10022 - 10?
-10032
In base 13, what is 1 - 63?
-62
In base 8, what is -45 + 15?
-30
In base 12, what is 15b - -39?
198
In base 14, what is 29a1 - -2?
29a3
In base 15, what is 6316 + 2?
6318
In base 16, what is -73 - 27?
-9a
In base 4, what is -1000 + 10?
-330
In base 16, what is -3 + 4d?
4a
In base 2, what is -100 + -100001101111?
-100001110011
In base 12, what is 1378 + -3?
1375
In base 14, what is -a3 - -3?
-a0
In base 12, what is -b - 3?
-12
In base 3, what is -1210 + 2000?
20
In base 10, what is 37091 - -3?
37094
In base 7, what is -2133 + -4?
-2140
In base 14, what is -5 - -48c?
487
In base 16, what is 4 - -3b?
3f
In base 13, what is 24 - -74?
98
In base 6, what is -13 - 3?
-20
In base 4, what is 10 - -110301?
110311
In base 5, what is 1012443 - -4?
1013002
In base 9, what is 4 - 57?
-53
In base 9, what is 21313 + 0?
21313
In base 4, what is -20 + 1021?
1001
In base 13, what is 55a - -1?
55b
In base 6, what is 41 + 251?
332
In base 14, what is -7 + -12?
-19
In base 13, what is -1 - -30?
2c
In base 14, what is 6 + 63?
69
In base 8, what is 4 + -637?
-633
In base 4, what is 10 - -3323?
3333
In base 16, what is 3 + -7?
-4
In base 13, what is -7a - -23?
-57
In base 15, what is -9e4 - 4?
-9e8
In base 6, what is 5 - 10505?
-10500
In base 7, what is 3 + 1203?
1206
In base 14, what is 3 + -8b?
-88
In base 6, what is -21 - 0?
-21
In base 4, what is -13003 + 2?
-13001
In base 16, what is 4 - 192?
-18e
In base 10, what is 8 - 38?
-30
In base 3, what is 122210 + -120?
122020
In base 12, what is 2a6 + -14?
292
In base 15, what is b - -1d?
29
In base 5, what is -2434 + 104?
-2330
In base 8, what is 10 - -54?
64
In base 11, what is -1 - -166?
165
In base 13, what is 5 + 57?
5c
In base 3, what is -10 + 20002?
12222
In base 11, what is -4 - 1844?
-1848
In base 11, what is -19 - -3?
-16
In base 7, what is -1 - -2460?
2456
In base 10, what is -13 + -7?
-20
In base 10, what is -1117 - 4?
-1121
In base 5, what is -20 - 41?
-111
In base 12, what is 22 + -6?
18
In base 14, what is -4 + -30?
-34
In base 4, what is 1202 - 11?
1131
In base 6, what is 5 + -3423?
-3414
In base 15, what is 10 - 1?
e
In base 5, what is 12 - -1231?
1243
In base 14, what is 7 + -80?
-77
In base 16, what is 1 + 21?
22
In base 11, what is -42 + 15?
-28
In base 7, what is 51 - 3?
45
In base 4, what is -1 + 1023103?
1023102
In base 16, what is 43 - 0?
43
In base 16, what is -a + 6?
-4
In base 14, what is -23 - -1?
-22
In base 4, what is -230 + 13?
-211
In base 10, what is -2 + -101?
-103
In base 11, what is 0 - -605?
605
In base 8, what is 243 - 5?
236
In base 12, what is 1 + -112b?
-112a
In base 3, what is 1020 + -11?
1002
In base 13, what is c5 + 4?
c9
In base 8, what is 3 + 344?
347
In base 2, what is 10 + -101110011100?
-101110011010
In base 11, what is -395 + 4?
-391
In base 8, what is -1034 - -6?
-1026
In base 4, what is -1 - -33?
32
In base 14, what is -1 + 2d8?
2d7
In base 4, what is 2130 - -1?
2131
In base 2, what is 1011 - -10001?
11100
In base 13, what is 55 + -c?
46
In base 11, what is 1 + a12?
a13
In base 10, what is 4 + 92?
96
In base 9, what is -3 - -5?
2
In base 8, what is 3 + -624?
-621
In base 13, what is -5 + a38?
a33
In base 15, what is 284 - 2?
282
In base 5, what is -1 - -21203?
21202
In base 9, what is 2 + -141?
-138
In base 13, what is 4 + -1c?
-18
In base 2, what is 101010011110 - -101?
101010100011
In base 13, what is 9 + 609?
615
In base 6, what is 5 + 23?
32
In base 10, what is -2 - -60?
58
In base 16, what is 4 + 8d?
91
In base 9, what is 2 - 1376?
-1374
In base 14, what is 20 - 2?
1c
In base 12, what is -1 - -217?
216
In base 3, what is 212120 + 10?
212200
In base 13, what is -1 - 28?
-29
In base 7, what is -2060 - -1?
-2056
In base 11, what is -143 - -4?
-13a
In base 9, what is -137 + -4?
-142
In base 7, what is 313 + -105?
205
In base 3, what is 11 + -1002?
-221
In base 2, what is -1011110110 - -100?
-1011110010
In base 13, what is -40 - -4?
-39
In base 15, what is -1c - 3?
-20
In base 15, what is -147 + 39?
-10d
In base 2, what is -10 - 10011000?
-10011010
In base 15, what is -5d6 + -1?
-5d7
In base 15, wh